ate the greatest common divisor of f and 21.
1
Suppose 3*i = 2*n, 0*n = 4*n - i - 10. Suppose n*s = -0*s + 6, -4*j + 26 = 3*s. What is the greatest common divisor of j and 10?
5
Suppose -3*u = -21 - 9. Suppose 4*x + 4 = 0, -132 = -i - 5*x + 67. Suppose 307 + 45 = 5*r - t, 0 = 3*r + 3*t - i. What is the highest common divisor of r and u?
10
Suppose 3*p = -2*y + 7*y - 56, -2*y = p - 29. Let k(n) = -34*n - 6. Let w be k(-4). What is the highest common factor of w and y?
13
Let t be 4/16 - 1/4. Suppose -9*q + 5*q + 32 = t. What is the greatest common factor of 4 and q?
4
Let n(y) = -12*y + 3. Let c be n(-3). Suppose 4*j + 3*a = 69, -3*j + a + c = -a. What is the greatest common divisor of 105 and j?
15
Suppose i = -2*f + 2, 2*i - i - 7 = 3*f. Suppose 2*b = i*b - 10. Calculate the highest common divisor of b and 55.
5
Let m be (-4)/(4/9) + -1. Let t = -6 - m. Let b = t + 12. Calculate the highest common divisor of 4 and b.
4
Suppose 5*u - 330 = 3*u. Let d = -22 - -37. What is the highest common divisor of u and d?
15
Let w be -2 + 2*2 + -1. Let k(j) = 7*j**3 + j - 1. Let v be k(1). What is the greatest common divisor of w and v?
1
Suppose 2*x + 55 - 73 = 0. Let g(u) = u + 2. Let z be g(4). Calculate the greatest common factor of x and z.
3
Let q be 2/(-8) + 42/8. Suppose -328 = -0*t - 4*t. Let k = t - 47. What is the greatest common divisor of q and k?
5
Let v be 126/8 - (52/(-16) + 3). Calculate the highest common divisor of 16 and v.
16
Suppose -c = c - 12. Let q = 104 + -56. Calculate the highest common divisor of c and q.
6
Let x = -14 - -25. Let k be -1*2/2 - -6. Suppose -4*q + 5*t + 39 = 0, k*q + 4 = -2*t + 61. Calculate the greatest common factor of x and q.
11
Let n(i) = -16*i**3 + 4 + 0*i - 2 - 1 + 2*i. Let f be n(-1). Calculate the greatest common factor of f and 45.
15
Let a(n) = 2*n - 10. Let g be a(8). What is the highest common factor of 48 and g?
6
Let s be 74/8 + 1/(-4). Let r be 1 + 29 + 42/7. Calculate the greatest common factor of s and r.
9
Let t(v) = -32*v - 3. Let z be t(-2). Suppose -3*i = -2*y + z, -5*i + 50 = -3*y + 4*y. Suppose -a = -13 - y. What is the highest common factor of a and 12?
12
Let w be 84*((-1)/7 + 1). Suppose -3*c + 4*c = w. Calculate the highest common factor of 8 and c.
8
Suppose 4*s - 2*x - 22 = 8, 5*x = 25. Calculate the highest common divisor of 40 and s.
10
Let q(s) = -2 + s**2 - 4*s**2 - 2 + 2*s + 0 + s**3. Let o be q(3). What is the greatest common factor of 14 and o?
2
Let z = -1 - -3. Suppose -v = z*q + 2, v = -0*v - 2. Suppose q = -0*g - 3*g + 39. Calculate the greatest common factor of 117 and g.
13
Suppose 0 = 5*p + 5, 2*o = o - 3*p - 3. Let j be -1*(-2 + o - 1). Calculate the greatest common divisor of 18 and j.
3
Let d be 3/(0 + 6/16). Calculate the highest common factor of d and 2.
2
Let q(f) = -f**2 - 7*f - 4. Let n be q(-4). What is the highest common factor of 20 and n?
4
Let r(i) = 63*i**2 - 2*i + 2. Let x be r(1). What is the highest common factor of x and 21?
21
Suppose 3*t - 2*t - z - 96 = 0, -2*t + 5*z = -180. What is the greatest common divisor of 40 and t?
20
Let q = 37 + 51. What is the highest common factor of q and 22?
22
Let i be 9/5 - (-2)/10. Suppose 0 = z + z - m - 5, -2*z + i*m + 10 = 0. Suppose 400 = -z*f + 5*f. What is the highest common factor of 10 and f?
10
Let w be 496/(3 - -1) - -2. Calculate the highest common factor of 18 and w.
18
Suppose -4*n + 6 - 2 = 0, 3*n = -4*v + 63. Suppose 3*m - 175 = m - 5*g, -3*m + 5*g + 200 = 0. What is the highest common divisor of v and m?
15
Let f = 150 + -99. Let a = 17 - f. Let t = -4 - a. What is the highest common divisor of 15 and t?
15
Suppose n = -0*n + 4. Suppose 5*p - n*o - 83 = 0, -4*p - o + 74 - 16 = 0. What is the greatest common factor of 15 and p?
15
Let x(d) = 4. Let g(n) = -n + 1. Let b(f) = -g(f) + x(f). Let i be b(5). What is the highest common divisor of 8 and i?
8
Let m(o) = o**3 + 5*o**2 + 4*o + 4. Let w be m(-3). Suppose -6*v = -v - w. Suppose v*z - 40 = -2*z. What is the highest common factor of z and 110?
10
Let a be (2 + 2)*(-42)/(-8). Suppose -a + 102 = r. What is the greatest common factor of 9 and r?
9
Suppose -2*z - 2*z = -4*u - 24, -5*u - 30 = 4*z. Let x be (-78)/(-4)*(-4)/u. Suppose 2*c = -x + 85. What is the highest common divisor of 6 and c?
6
Let p(y) = -8*y - 31. Let n be p(-5). What is the greatest common divisor of 45 and n?
9
Let t be 2*(-1 + (-13)/(-1)). What is the highest common divisor of 36 and t?
12
Let d = -27 - -17. Let p = d - -22. Calculate the highest common divisor of p and 24.
12
Suppose -3*v + 2*r + 28 = 0, -r + 31 - 6 = 5*v. Let s be (0 - 3)*(-128)/v. Let d = -32 + 48. Calculate the greatest common factor of s and d.
16
Let s be (-2902)/(-11) + (-4)/(-22). What is the greatest common divisor of s and 24?
24
Let g be 2/5 + (-106)/(-10). Let b = g + -7. What is the highest common divisor of 36 and b?
4
Suppose -94 - 166 = -2*g. What is the greatest common factor of g and 52?
26
Let a(d) = -d + 25. Let s be a(18). Calculate the greatest common factor of s and 7.
7
Let t = 8 - -1. Let k = t - -31. Calculate the highest common divisor of 16 and k.
8
Let o(n) = -17*n. Suppose 0 = -0*c - c + 4*r, 2*c - 2*r = 0. Suppose -a + c*a = 1. Let x be o(a). Calculate the highest common divisor of x and 153.
17
Let q(f) = 5*f**2 - 2. Let i be q(2). Calculate the greatest common factor of 144 and i.
18
Suppose 30 = d + 2*d. Calculate the highest common factor of d and 70.
10
Let l be 18/15*15/6. Suppose -3*r + 16 = 4. Suppose u = 4*a - 15, l*a + r*u = 25 - 9. What is the greatest common divisor of a and 44?
4
Let p be (4 - 3)*(1 - -1). Let t = 10 + p. Calculate the greatest common factor of 60 and t.
12
Suppose 3*u + 45 - 192 = 0. Suppose 209 - u = 2*m. Suppose -3*l + m + 85 = 0. Calculate the highest common divisor of 5 and l.
5
Suppose 2*o + 140 = 7*o. Calculate the greatest common divisor of o and 14.
14
Let p = 1 - -7. What is the highest common divisor of 80 and p?
8
Let z = -3 - -5. Suppose -10 = z*l - 4*l. What is the greatest common factor of 25 and l?
5
Let u(j) = j**3 + 7*j**2 + 5*j + 2. Let r be u(-6). Suppose 3*h - m - 31 = 0, h - 1 = m + r. What is the highest common factor of h and 99?
11
Let d = -4 + 7. Let z = d - -2. Suppose 369 = 4*g + z*h, -3 + 0 = h. Calculate the greatest common factor of g and 12.
12
Let p = 6 + -6. Suppose 2*v - 2*z - 18 = p, -3*v + z + 31 = -4*z. What is the highest common factor of 28 and v?
7
Suppose 3*b - 3 = 2*y, -4*y + 3 = 3*b - 0. Let d be (1 + y)*(-1 - -11). What is the highest common divisor of d and 2?
2
Suppose -3*m - 22 = -5*o + 1, m - 4 = 0. Suppose 12 = l + 3*i, 5*l - o = -i + 39. What is the greatest common factor of l and 36?
9
Let j = -121 + 181. Suppose -4*n + 3*b = 23, 3*n - n - 2*b + 14 = 0. Let g be n + 4 - (-44)/2. What is the highest common factor of g and j?
12
Let r(f) = f**3 + 4*f**2 + 3*f + 4. Let w be r(-3). Suppose -3*i + 50 = 2. What is the highest common divisor of i and w?
4
Suppose 2*u - 3 = 19. Calculate the greatest common divisor of 121 and u.
11
Suppose -49 = -3*w + 5*s, 0 = 2*w + 5*s - 3*s - 38. What is the highest common factor of w and 45?
9
Let z(o) = 147*o**3 + 32*o**3 - 28*o**3 - o. Let v be z(1). Calculate the highest common factor of v and 15.
15
Let h = 10 + -8. Let k be 5 + h - -1 - 2. What is the greatest common divisor of 12 and k?
6
Suppose 116 = 3*p - 289. Let z be 4/18 + 8/(-36). Suppose z*u + 15 = u. What is the greatest common factor of p and u?
15
Let o(h) = h + 20. Let r be o(-16). Suppose 2*q + 2*j - 254 = 0, 44 = -q + r*j + 186. Calculate the highest common divisor of 26 and q.
26
Let o = 13 + -8. Let s(m) = m**3 - 5*m**2 + 4*m - 3. Let z be s(o). What is the highest common divisor of z and 51?
17
Let k = -32 + 52. What is the greatest common divisor of k and 60?
20
Suppose 25 - 361 = -3*y. What is the highest common divisor of y and 16?
16
Let h(r) = -60*r - 14. Let g be h(-5). Calculate the greatest common factor of g and 26.
26
Let f = 10 - 6. Let a be 46/f + 12/(-8). Let o be 7 - (0 + -3 + 0). What is the highest common divisor of a and o?
10
Suppose 311 = -4*y - 4*n + 31, -8 = -4*n. Let w = -36 - y. What is the greatest common divisor of w and 36?
36
Let u(n) = -2*n - 8 + 3*n + 8*n**2 - 2*n**2 -